 of 10 and w?
10
Let x(q) = -2*q**3 - 16*q**2 + 45*q + 62. Let t be x(-10). What is the highest common divisor of 8628 and t?
12
Suppose 3*k + 20 = 7*k. Suppose -k*c + 34 = 4. Let t be (-9 + 6 + (-27)/(-6))*28. What is the greatest common factor of t and c?
6
Let y(w) = -19*w + 879. Let q be y(11). What is the highest common divisor of q and 80?
10
Suppose 0 = 14*k - 18 - 10. Let b(o) = k*o - 19 + 8*o + 0*o - 17. Let i be b(6). Calculate the highest common divisor of 60 and i.
12
Let f(x) = 5*x**2 - 67*x - 70. Let j be f(-1). What is the greatest common divisor of 219 and j?
1
Suppose 371 = -13*g - 1423. Let r = g - -159. Calculate the greatest common factor of r and 70.
7
Suppose 13*s = -s - 266. Let o be (s - -87) + (-2 - -3). Calculate the highest common factor of 1173 and o.
69
Let h be (0 - (2 + -1)) + 22. Let z(w) = 3*w**2 - 35*w - 6. Let q be z(13). Suppose q*f = 30*f + 112. Calculate the greatest common divisor of f and h.
7
Suppose -5014*g - 3825 = -5029*g. Suppose 4*d + 7 = 3, -5*b = 2*d - 23. Calculate the highest common factor of b and g.
5
Let z be (32 - -2)*(0 + -1). Let g be ((-2363)/z)/((-1)/(-2)). Suppose -7 + g = i. Calculate the greatest common divisor of 33 and i.
33
Let l be 2*-2*(8 - (6 - -4)). Suppose -4*f + 48 = l*f. What is the highest common divisor of 26 and f?
2
Let y = 2836 - 2816. What is the highest common divisor of 1090 and y?
10
Let s(p) = -2*p**2 - 7 - 1 - 18 - 75*p. Let z be s(-37). Let x = -13 + 35. Calculate the highest common divisor of x and z.
11
Let g = -28532 - -28991. Calculate the highest common divisor of g and 1323.
27
Suppose 4*o - 260 = -13*l + 9*l, -3*o = -2*l + 125. What is the highest common divisor of l and 152?
8
Let n = -19 - -19. Suppose n = -2*a + 2, -2*u + 3*a = 5*a - 58. Let d(m) = 6*m. Let r be d(7). Calculate the highest common divisor of r and u.
14
Suppose -8 = 16*a - 20*a. Suppose 5*h - 8 = -3*f, a*f + 2*h + 2*h = 4. Calculate the highest common factor of f and 42.
6
Suppose -40*h - 5*h = 4*h - 147. What is the greatest common factor of h and 97?
1
Let s = 128 - 52. Let c = 20470 + -20466. What is the greatest common divisor of s and c?
4
Let q be 4/(3 + -11)*-82. Let r = q + -47. Let n be ((-240)/(-18))/((-2)/r). Calculate the highest common divisor of n and 10.
10
Suppose 260 = 11*a - 70. Let c be 6/(a/5) - -3. What is the greatest common divisor of 36 and c?
4
Let p(n) = 6*n**2 + 4*n - 7. Let y(m) = -5*m + 22. Let r be y(15). Let f = -49 - r. Let z be p(f). What is the highest common factor of z and 42?
21
Let f be (-2 - 8) + 1589 - -12. Calculate the greatest common factor of 111 and f.
37
Suppose 43*x - 172 = 774. Let q be -12*(-3 + 105/(-9)). Calculate the highest common factor of q and x.
22
Suppose 60499 = 360*n - 341. Let g(v) = 2*v**2 + 4*v - 3. Let a be g(-4). What is the greatest common divisor of a and n?
13
Suppose 4*z + 91 = 3*p, -5*p = 5*z - 175 + 70. Suppose -p = -3*q + 56. Suppose -q*b - 8 = -31*b. Calculate the greatest common divisor of 10 and b.
2
Suppose 6*j - 2 = 4*j, -j = 3*x + 143. Let p be (13/(-2))/(4/x*2). Calculate the highest common factor of p and 52.
13
Let t = 209 + -200. Let b be 20/90 + 2192/18. Let v = b + -50. What is the greatest common factor of t and v?
9
Suppose 17 = 2*p + 1. Let n be (-31 + 62)*(-6)/2*-4. Let u = -356 + n. What is the greatest common divisor of p and u?
8
Let y(n) = -9*n**2 - 3*n - 3. Let j be y(-2). Let l be (-1)/(18645/(-2070) - -9). Let a = j + l. Calculate the greatest common factor of 15 and a.
15
Suppose -301*v + 357*v = 216 + 1800. Calculate the highest common factor of v and 4527.
9
Let x(f) = -1525*f + 679. Let w be x(-1). What is the greatest common factor of 38 and w?
38
Let o(q) = 697*q**3 - 6*q**2 + 19*q - 13. Let c be o(1). Calculate the greatest common factor of 425 and c.
17
Let n = 31 + -29. Suppose -3*w = -n - 1, -4*w - 1436 = -5*f. What is the highest common factor of 64 and f?
32
Suppose 15*p = 21 + 189. Let q(x) = 15*x**2 + 11*x - 21. Let o be q(4). Let z = o - 165. What is the highest common divisor of p and z?
14
Let j = -8462 + 8678. What is the greatest common factor of 2268 and j?
108
Let q(o) = -o**3 + 2*o**2 + 3*o + 1. Let c be q(3). Let d be c/2 + (-39)/(-26). Let h be d/(-7) - 46/(-14). Calculate the highest common divisor of 3 and h.
3
Suppose 0 = -3*w - b + 2809, -8*w + 5*b + 3934 + 3549 = 0. What is the highest common divisor of w and 72?
72
Let u = -38171 - -83837. Calculate the highest common factor of 354 and u.
354
Suppose 3*m = 4*n - 26329, -5*n = -317*m + 315*m - 32906. What is the greatest common divisor of 376 and n?
188
Suppose -2*z = -3*y - 501, 0*z = 2*z + 5*y - 509. Let p(g) = -11*g + 134. Let l be p(12). Suppose -z = -l*q - q. What is the highest common factor of 28 and q?
28
Let w(q) = 4*q + 23*q - 9*q + 15 - 7*q + 19. Let m be w(9). Calculate the highest common factor of 38 and m.
19
Let q be (-70 - -103)/(6/194). Calculate the greatest common divisor of q and 22.
11
Let q(m) = 20*m**2 - 6 - 5*m + 1 - 10. Let b be q(-4). Suppose b = 6*r - 263. Calculate the greatest common factor of 14 and r.
14
Suppose 0 = 5*w - i - 39, -38 + 33 = w + 3*i. Suppose -232 = -15*u - w. Calculate the highest common factor of 60 and u.
15
Suppose 1744*v = 1753*v - 792. Let u = 9 - -57. Calculate the highest common factor of v and u.
22
Suppose 87756 = 112*k - 11028. What is the greatest common divisor of k and 1386?
126
Suppose -12*u = -7*u - 200. Suppose -275 = -7*w - 205. What is the highest common divisor of u and w?
10
Let p be 1*6 + (-9)/3. Suppose -5*y - p*h + 87 = -4*y, -h = 4*y - 293. Suppose -11*m + y = -2*m. What is the highest common factor of 64 and m?
8
Let j = -64 - -56. Let s be 2*1/(j/(-12)). Suppose m + 25 = f + s*f, -m + 3 = 0. Calculate the greatest common factor of f and 28.
7
Let z = 193 - 190. Suppose 27 = g + 3*p, -g + z*p + 33 = 3*g. Calculate the greatest common divisor of g and 108.
12
Suppose 73*r = 70*r + 15. Let q be 4*((-34)/r)/((-248)/775). What is the highest common divisor of q and 595?
85
Let m(j) = 6*j + 32. Let l be m(-6). Let s be ((-10)/6 - 4/(-6))*l. What is the highest common divisor of 36 and s?
4
Let r be -30*(17/(-6) + (-608)/228). What is the highest common factor of r and 3520?
55
Suppose 31*k = 28*k + 587 + 22. What is the greatest common factor of 174 and k?
29
Suppose 2*g = 10, -3*q - 56*g = -58*g - 1073. What is the highest common factor of 38 and q?
19
Let x be 2/4*(-8 + 8)/(-11). Suppose -23*j + 426 + 747 = x. What is the greatest common factor of j and 136?
17
Suppose 57 = 4*f + 2*u - 15, u + 90 = 5*f. Let h = f + -10. Suppose 187 + 53 = h*c. What is the highest common factor of 30 and c?
30
Suppose 0 = -p - 402*a + 407*a - 26, -4*a + 28 = p. Suppose 4*c + 120 = 5*o, -4*o + 2*c - 4*c = -122. Calculate the highest common factor of o and p.
4
Suppose 140*p = 141*p - 27. Suppose y - 3*y = 5*u + 16, -3*y = u - 2. Let v be (-729)/((-6)/y) + 0. What is the highest common factor of v and p?
27
Suppose -2*k = -0*k - 3*j - 690, 0 = j. Calculate the highest common divisor of 240 and k.
15
Let u = 225 + -210. Suppose -u = -a + 5. What is the greatest common divisor of a and 140?
20
Let z be 80/12*(120/16)/5. Calculate the greatest common divisor of z and 270.
10
Suppose 6 = 2*v, r - 16230 = -4*v + 12462. Calculate the greatest common divisor of r and 8.
8
Suppose 864 = 5*s - 3*g - 1470, s - 470 = -g. Let a(p) = p**3 - 11*p**2 + 15*p - 14. Let w be a(10). Calculate the highest common factor of s and w.
36
Suppose -2*y + 0*y + 1368 = 0. Let k = -5415 - -5439. What is the greatest common divisor of k and y?
12
Let j be -2 + 4 + -4 - -6. Suppose -4*r + 69 - 25 = 0. Suppose j*i - 649 = r. What is the greatest common factor of 66 and i?
33
Let i be (-1)/3 - (-19)/3. Let c be (-2 + -2)/(2 - 0) + i. Suppose 9*b = c*b + 495. Calculate the highest common factor of b and 9.
9
Let x(q) = 3*q + 1. Let c be x(4). Suppose 306*p + 97461 = 459*p. What is the highest common factor of p and c?
13
Suppose -34 = 2*n - 8*m, -11*m - 23 = n - 16*m. Calculate the highest common divisor of n and 2527.
7
Let g be 9/7 - (-15695)/511. What is the greatest common factor of g and 4656?
16
Let r be (-4)/(-12) - (-2608)/(-12). Let y = -184 - r. Calculate the greatest common factor of 